{"id":62,"date":"2023-08-05T08:58:44","date_gmt":"2023-08-05T07:58:44","guid":{"rendered":"https:\/\/groupe-mumtaz.fr\/?page_id=62"},"modified":"2024-01-31T11:22:25","modified_gmt":"2024-01-31T11:22:25","slug":"a-propos-de-nous","status":"publish","type":"page","link":"https:\/\/gprparisien.com\/?page_id=62","title":{"rendered":"\u00c0 propos de nous"},"content":{"rendered":"<p>GPR Parisien se pr\u00e9sente comme un parangon d&#8217;excellence dans le domaine de la r\u00e9novation et de la construction, cr\u00e9ant des espaces qui allient harmonieusement innovation, fonctionnalit\u00e9 et esth\u00e9tique. Avec un engagement in\u00e9branlable \u00e0 transformer les visions en r\u00e9alit\u00e9, la soci\u00e9t\u00e9 GPR Parisien est impos\u00e9e comme un nom de confiance dans l&#8217;industrie. Guid\u00e9e par une \u00e9quipe d&#8217;architectes, d&#8217;ing\u00e9nieurs et d&#8217;artisans qualifi\u00e9s, l&#8217;entreprise poss\u00e8de une capacit\u00e9 remarquable \u00e0 insuffler une nouvelle vie aux structures existantes, en les revitalisant avec une touche contemporaine tout en pr\u00e9servant leur caract\u00e8re inh\u00e9rent.<\/p>\n<p>Qu&#8217;il s&#8217;agisse d&#8217;un b\u00e2timent historique \u00e0 la recherche d&#8217;un renouveau moderne ou d&#8217;un espace r\u00e9sidentiel aspirant \u00e0 une nouvelle perspective, l&#8217;expertise de la soci\u00e9t\u00e9 GPR Parisien \u00e9tend \u00e0 toutes les facettes de la r\u00e9novation. De plus, leurs prouesses en mati\u00e8re de construction sont tout aussi remarquables, avec un portefeuille regroupant un \u00e9ventail de projets remarquables &#8211; des complexes commerciaux qui red\u00e9finissent les paysages urbains aux d\u00e9veloppements r\u00e9sidentiels qui incarnent le confort et le style.&nbsp;<\/p>\n<p>La r\u00e9novation d\u2019appartement est un projet complexe qui peut s\u2019av\u00e9rer complexe qui n\u00e9cessite de s\u2019entourer d\u2019une \u00e9quipe s\u00e9rieuse et multidisciplinaire afin d\u2019\u00e9viter les mauvaises surprises. Il est donc important de faire appel \u00e0 une \u00e9quipe compos\u00e9e des diff\u00e9rents corps de m\u00e9tier du b\u00e2timent dans un projet de r\u00e9novation.<\/p>\n<p>&nbsp;Avec un engagement envers la qualit\u00e9, la durabilit\u00e9 et la satisfaction du client, la soci\u00e9t\u00e9 GPR Parisien continue de fa\u00e7onner des espaces qui r\u00e9sonnent avec les aspirations des clients tout en laissant une marque ind\u00e9l\u00e9bile sur l&#8217;environnement b\u00e2ti.<\/p>\n<link rel=\"stylesheet\" id=\"wd-info-box-css\" href=\"https:\/\/gprparisien.com\/wp-content\/themes\/woodmart\/css\/parts\/el-info-box.min.css?ver=7.0.4\" type=\"text\/css\" media=\"all\" \/>\n\t\t\t\t\t\t\t\t\t\t\t\t\t\t\t<img decoding=\"async\" src=\"https:\/\/gprparisien.com\/wp-content\/uploads\/elementor\/thumbs\/5477519-qagkaf4og6hons85mt6ib92yvxfmjofrn9jkazkepg.png\" title=\"5477519\" alt=\"5477519\" loading=\"lazy\" \/>\t\t\t\t\t\t\t\t\t\t\t\t\t<\/p>\n<h4\t\t\t\t\t\tclass=\"info-box-title title box-title-style-default wd-fontsize-s\" data-elementor-setting-key=\"title\">\n\t\t\t\t\t\t\t\tService &#8211; Engagement\t\t\t\t\t\t<\/h4>\n<p>De la conception aux finitions, l\u2019\u00e9quipe GPR Parisien assure un suivi du projet \u00e0 toutes les \u00e9tapes.<\/p>\n<p>\t\t\t\t\t\t\t\t\t\t\t\t\t\t\t<img decoding=\"async\" src=\"https:\/\/gprparisien.com\/wp-content\/uploads\/elementor\/thumbs\/7493702-qagkae6u9cgec69isarvqrbiajk9bzc1b4w2tplsvo.png\" title=\"7493702\" alt=\"7493702\" loading=\"lazy\" \/>\t\t\t\t\t\t\t\t\t\t\t\t\t<\/p>\n<h4\t\t\t\t\t\tclass=\"info-box-title title box-title-style-default wd-fontsize-s\" data-elementor-setting-key=\"title\">\n\t\t\t\t\t\t\t\tDevis d\u00e9taill\u00e9\t\t\t\t\t\t<\/h4>\n<p style=\"text-align: center;\">Le charg\u00e9 d\u2019affaires se d\u00e9pla\u00e7e gratuitement et rapidement \u00e0 votre domicile pour appr\u00e9hender au mieux les contraintes techniques, \u00e9tudier et d\u00e9finir ensemble votre projet.<\/p>\n<p>\t\t\t\t\t\t\t\t\t\t\t\t\t\t\t<img decoding=\"async\" src=\"https:\/\/gprparisien.com\/wp-content\/uploads\/elementor\/thumbs\/1452592-qagkad902if40kavxsd969k1p5ow4a8az08lcfn71w.png\" title=\"1452592\" alt=\"1452592\" loading=\"lazy\" \/>\t\t\t\t\t\t\t\t\t\t\t\t\t<\/p>\n<h4\t\t\t\t\t\tclass=\"info-box-title title box-title-style-default wd-fontsize-s\" data-elementor-setting-key=\"title\">\n\t\t\t\t\t\t\t\tAssurances\t\t\t\t\t\t<\/h4>\n<p style=\"text-align: center;\">Garantie d\u00e9cennale, S\u00e9r\u00e9nit\u00e9 et garantie<\/p>\n<p>\t\t\t\t\t\t\t\t\t\t\t\t\t\t\t<img decoding=\"async\" src=\"https:\/\/gprparisien.com\/wp-content\/uploads\/elementor\/thumbs\/2-qagkabdboucjdcdm8rk01a14idy5ow0uaqxmdvpzec.png\" title=\"2\" alt=\"2\" loading=\"lazy\" \/>\t\t\t\t\t\t\t\t\t\t\t\t\t<\/p>\n<h4\t\t\t\t\t\tclass=\"info-box-title title box-title-style-default wd-fontsize-s\" data-elementor-setting-key=\"title\">\n\t\t\t\t\t\t\t\tRespect des d\u00e9lais\t\t\t\t\t\t<\/h4>\n<p style=\"text-align: center;\">GPR Parisien vous propose un planning d\u00e9taill\u00e9 par semaine avec un engagement sur la date de livraison.<\/p>\n<p>\t\t\t\t\t\t\t\t\t\t\t\t\t\t\t<img decoding=\"async\" src=\"https:\/\/gprparisien.com\/wp-content\/uploads\/elementor\/thumbs\/913402-qagkaafhi0b91qeze95dgs9nx02sh6x3yma4wlrdkk.png\" title=\"913402\" alt=\"913402\" loading=\"lazy\" \/>\t\t\t\t\t\t\t\t\t\t\t\t\t<\/p>\n<h4\t\t\t\t\t\tclass=\"info-box-title title box-title-style-default wd-fontsize-s\" data-elementor-setting-key=\"title\">\n\t\t\t\t\t\t\t\tConfiance\t\t\t\t\t\t<\/h4>\n<p style=\"text-align: center;\">Faire confiance \u00e0 GPR Parisien c&#8217;est la garantie d&#8217;\u00eatre satisfait du r\u00e9sultat !<\/p>\n","protected":false},"excerpt":{"rendered":"<p>GPR Parisien se pr\u00e9sente comme un parangon d&#8217;excellence dans le domaine de la r\u00e9novation et de la construction, cr\u00e9ant des<\/p>\n","protected":false},"author":1,"featured_media":0,"parent":0,"menu_order":0,"comment_status":"closed","ping_status":"closed","template":"","meta":{"footnotes":""},"class_list":["post-62","page","type-page","status-publish","hentry"],"_links":{"self":[{"href":"https:\/\/gprparisien.com\/index.php?rest_route=\/wp\/v2\/pages\/62","targetHints":{"allow":["GET"]}}],"collection":[{"href":"https:\/\/gprparisien.com\/index.php?rest_route=\/wp\/v2\/pages"}],"about":[{"href":"https:\/\/gprparisien.com\/index.php?rest_route=\/wp\/v2\/types\/page"}],"author":[{"embeddable":true,"href":"https:\/\/gprparisien.com\/index.php?rest_route=\/wp\/v2\/users\/1"}],"replies":[{"embeddable":true,"href":"https:\/\/gprparisien.com\/index.php?rest_route=%2Fwp%2Fv2%2Fcomments&post=62"}],"version-history":[{"count":52,"href":"https:\/\/gprparisien.com\/index.php?rest_route=\/wp\/v2\/pages\/62\/revisions"}],"predecessor-version":[{"id":801,"href":"https:\/\/gprparisien.com\/index.php?rest_route=\/wp\/v2\/pages\/62\/revisions\/801"}],"wp:attachment":[{"href":"https:\/\/gprparisien.com\/index.php?rest_route=%2Fwp%2Fv2%2Fmedia&parent=62"}],"curies":[{"name":"wp","href":"https:\/\/api.w.org\/{rel}","templated":true}]}}